{"id":147,"date":"2017-11-29T10:31:06","date_gmt":"2017-11-29T09:31:06","guid":{"rendered":"http:\/\/mbphotos.be\/?page_id=147"},"modified":"2019-09-10T12:02:28","modified_gmt":"2019-09-10T10:02:28","slug":"galerie","status":"publish","type":"page","link":"https:\/\/mbphotos.be\/index.php\/galerie\/","title":{"rendered":"galeries"},"content":{"rendered":"<p>Les diff\u00e9rentes\u00a0 galeries\u00a0 proposent des vues prisent au cours des diff\u00e9rents voyages, \u00e9v\u00e8nements, reportages&#8230;<\/p>\n<h4><strong>Festivit\u00e9s<\/strong><\/h4>\n<ul>\n<li><a href=\"https:\/\/mbphotos.be\/index.php\/chateau-de-seneffe-au-18eme\/\">Journ\u00e9e du patrimoine au ch\u00e2teau de seneffe<\/a><\/li>\n<li><a href=\"https:\/\/mbphotos.be\/index.php\/chateau-de-trazegnies\/\">Journ\u00e9e du patrimoine au ch\u00e2teau de Trazegnies<\/a><\/li>\n<li><a href=\"https:\/\/mbphotos.be\/index.php\/le-chateau-daiseau\/\">le Ch\u00e2teau d&rsquo;Aiseau<\/a><\/li>\n<li><a href=\"https:\/\/mbphotos.be\/index.php\/carnaval-de-nivelles-2019\/\">Carnaval de Nivelles 2019<\/a><\/li>\n<li><a href=\"https:\/\/mbphotos.be\/index.php\/poterie-dubois-a-bouffioux\/\">Poterie Dubois \u00e0 Boufioulx<\/a><\/li>\n<li><a href=\"https:\/\/mbphotos.be\/index.php\/dans-nos-campagnes\/\">dans nos campages<\/a><\/li>\n<li><a href=\"https:\/\/mbphotos.be\/index.php\/ronqieres-le-vieux-canal\/\">Ronqui\u00e8res, le vieux canal<\/a><\/li>\n<li><a href=\"https:\/\/mbphotos.be\/index.php\/paris-2018\/\">Paris 2018<\/a><\/li>\n<li><strong><a href=\"https:\/\/mbphotos.be\/index.php\/bruges-et-ses-canaux\/\">Bruges et ses canaux 2018<\/a><\/strong><\/li>\n<li><a href=\"https:\/\/mbphotos.be\/index.php\/nikos-aliagas-expose-a-villers-la-ville\/\">Villers la Ville l&rsquo;abbaye<\/a><\/li>\n<li><a href=\"https:\/\/mbphotos.be\/index.php\/chateau-de-la-hulpe\/\">Ch\u00e2teau de La Hulpe<\/a><\/li>\n<li><a href=\"https:\/\/mbphotos.be\/index.php\/seneffe2019\/\">Parcs et ch\u00e2teau de Seneffe<\/a><\/li>\n<li><a href=\"https:\/\/mbphotos.be\/index.php\/dans-la-rue\/\">Dans la rue<\/a><\/li>\n<li><a href=\"https:\/\/mbphotos.be\/index.php\/nivelles-summer-festival-2018\/\">Nivelles Summer Festival<\/a><\/li>\n<li><a href=\"https:\/\/mbphotos.be\/index.php\/les-medievales-de-la-citadelle-namur\/\">Les M\u00e9di\u00e9vales de la Citadelle<\/a>l<\/li>\n<li><a href=\"https:\/\/mbphotos.be\/index.php\/parade-venitienne-au-jardins-dannevoie\/\">Masques v\u00e9nitiens dans les jardins d&rsquo;Annevoie\u00a0<\/a><\/li>\n<li><a href=\"https:\/\/mbphotos.be\/index.php\/non-classe\/parade-venitienne-a-helecine-be\/\">Parade v\u00e9nitienne au chateau d&rsquo;H\u00e9l\u00e9cine<\/a><\/li>\n<li><a href=\"https:\/\/mbphotos.be\/index.php\/binche\/\">Carnaval de Binche ( le mardi matin)<\/a><\/li>\n<li><strong><a href=\"https:\/\/mbphotos.be\/index.php\/2017-concert-de-noel-nivelles\/\">Concert de Noel\u00a0<\/a> <\/strong><em>Nivelles 16\/12\/2017<\/em><\/li>\n<\/ul>\n<h4><strong>Voyages<\/strong><a href=\"https:\/\/mbphotos.be\/index.php\/aveyron\/\"><strong><\/strong><\/a><\/h4>\n<ul>\n<li><a href=\"https:\/\/mbphotos.be\/index.php\/saint-valery-sur-somme\/\">en Baie de somme<\/a><\/li>\n<li><a href=\"https:\/\/mbphotos.be\/index.php\/aveyron\/\"><strong>Aveyron 2015-2017<\/strong><\/a><\/li>\n<li><a href=\"https:\/\/mbphotos.be\/index.php\/portugal\/\"><strong>Portugal 2017<\/strong><\/a><\/li>\n<li><strong><a href=\"https:\/\/mbphotos.be\/index.php\/les-jardins-de-chaumont-val-de-loire\/\">Les jardins de Chaumont<\/a><\/strong>\u00a0 <em>(Val de Loire)<\/em><\/li>\n<\/ul>\n<p><strong><a href=\"https:\/\/mbphotos.be\/index.php\/feux-dartifice\/\">Feux d&rsquo;ar<\/a><\/strong><a href=\"https:\/\/mbphotos.be\/index.php\/festival-des-feux-dartifice-knokke-2017\/\"><strong>tifices<\/strong><\/a><\/p>\n<ul>\n<li>F\u00eate nationale Namur (20 \/07 \/ 2018)<\/li>\n<li>Liberchies\u00a0 2018<\/li>\n<li>Dinant 2017<\/li>\n<li>Knokke Festival internationnal\u00a0 2017<\/li>\n<\/ul>\n<p><a href=\"https:\/\/mbphotos.be\/index.php\/plaisirs-dhiver-bruxelles-2017\/\"><strong>Illuminations\u00a0<\/strong><\/a><\/p>\n<ul>\n<li><strong>Gand\u00a0 Festivals des lumi\u00e8res 2018<\/strong><\/li>\n<li><strong><\/strong>Bruxelles Plaisirs d&rsquo;hiver 2017<\/li>\n<li>Namur sons &amp; lumi\u00e8res \u00e0 la citadelle 2017<\/li>\n<li>Nivelles Noel 2016<\/li>\n<li>Paris Noel 2013<\/li>\n<\/ul>\n<p><strong><a href=\"https:\/\/mbphotos.be\/index.php\/cascades\/\">Cascades et cours d&rsquo;eau<\/a> <\/strong><strong> <\/strong><\/p>\n<p><strong><\/strong><em><br \/>\n<\/em><\/p>\n<p><a href=\"https:\/\/mbphotos.be\/index.php\/divers\/\"><strong>Divers<\/strong><\/a><\/p>\n<p>&nbsp;<\/p>\n","protected":false},"excerpt":{"rendered":"<p>Les diff\u00e9rentes\u00a0 galeries\u00a0 proposent des vues prisent au cours des diff\u00e9rents voyages, \u00e9v\u00e8nements, reportages&#8230; Festivit\u00e9s Journ\u00e9e du patrimoine au ch\u00e2teau de seneffe Journ\u00e9e du patrimoine au ch\u00e2teau de Trazegnies le Ch\u00e2teau d&rsquo;Aiseau Carnaval de Nivelles 2019 Poterie Dubois \u00e0 Boufioulx dans nos campages Ronqui\u00e8res, le vieux canal Paris 2018 Bruges et ses canaux 2018 Villers [&hellip;]<\/p>\n","protected":false},"author":1,"featured_media":0,"parent":0,"menu_order":0,"comment_status":"closed","ping_status":"closed","template":"","meta":{"_seopress_robots_primary_cat":"","_seopress_titles_title":"MBphotos - galeries","_seopress_titles_desc":"","_seopress_robots_index":"","footnotes":""},"class_list":["post-147","page","type-page","status-publish","hentry"],"jetpack_sharing_enabled":true,"jetpack_shortlink":"https:\/\/wp.me\/P9qCFt-2n","_links":{"self":[{"href":"https:\/\/mbphotos.be\/index.php\/wp-json\/wp\/v2\/pages\/147","targetHints":{"allow":["GET"]}}],"collection":[{"href":"https:\/\/mbphotos.be\/index.php\/wp-json\/wp\/v2\/pages"}],"about":[{"href":"https:\/\/mbphotos.be\/index.php\/wp-json\/wp\/v2\/types\/page"}],"author":[{"embeddable":true,"href":"https:\/\/mbphotos.be\/index.php\/wp-json\/wp\/v2\/users\/1"}],"replies":[{"embeddable":true,"href":"https:\/\/mbphotos.be\/index.php\/wp-json\/wp\/v2\/comments?post=147"}],"version-history":[{"count":45,"href":"https:\/\/mbphotos.be\/index.php\/wp-json\/wp\/v2\/pages\/147\/revisions"}],"predecessor-version":[{"id":4587,"href":"https:\/\/mbphotos.be\/index.php\/wp-json\/wp\/v2\/pages\/147\/revisions\/4587"}],"wp:attachment":[{"href":"https:\/\/mbphotos.be\/index.php\/wp-json\/wp\/v2\/media?parent=147"}],"curies":[{"name":"wp","href":"https:\/\/api.w.org\/{rel}","templated":true}]}}