{"id":2815,"date":"2018-09-08T14:17:55","date_gmt":"2018-09-08T12:17:55","guid":{"rendered":"http:\/\/mbphotos.be\/?page_id=2815"},"modified":"2023-07-17T19:30:06","modified_gmt":"2023-07-17T17:30:06","slug":"mon-premier-stage-portrait","status":"publish","type":"page","link":"https:\/\/mbphotos.be\/index.php\/mon-premier-stage-portrait\/","title":{"rendered":"Stage \u00ab\u00a0Portrait\u00a0\u00bb au ch\u00e2teau de Monceau"},"content":{"rendered":"\n<p>Premier stage \u00ab\u00a0Portrait\u00a0\u00bb en \u00e9clairage naturel<\/p>\n\n\n\n<p>Merci \u00e0 <a class=\"profileLink\" href=\"https:\/\/www.facebook.com\/pierre.rousseau.311?fref=mentions&amp;__xts__%5B0%5D=68.ARAecLm15qCw6D4R_n0qp-Uww161Wx541fhCCOHDKt2srCHax0bEenpDr1MUfmFydvQa3cPYGtv1AN0XQzy_lGbnvBmWcH2qtGbrjUzXoX7Bdr_PgzdlutR3_2QXY6QZTQ3vYhhaPYd0eBvRkz1h0Fjb1w_Imx8Ym3cnEmWJTYmrh3Srp6N1PK0&amp;__tn__=K-R\" data-hovercard=\"\/ajax\/hovercard\/user.php?id=1417599487&amp;extragetparams=%7B%22fref%22%3A%22mentions%22%7D\" data-hovercard-prefer-more-content-show=\"1\">Pierre Rousseau<\/a> photographe professionnel et organisateur du stage (Les amis d&rsquo; Atelier d&rsquo;images<\/p>\n\n\n\n<p>Merci \u00e9galement \u00e0 llona, le mod\u00e8le, qui a fait preuve de beaucoup de patience.<\/p>\n\n\n\n<figure class=\"wp-block-gallery has-nested-images columns-4 is-cropped wp-block-gallery-1 is-layout-flex wp-block-gallery-is-layout-flex\">\n<figure class=\"wp-block-image size-large\"><a href=\"https:\/\/i0.wp.com\/mbphotos.be\/wp-content\/uploads\/2018\/09\/8078838-Modifier.jpg?ssl=1\"><img data-recalc-dims=\"1\" loading=\"lazy\" decoding=\"async\" width=\"667\" height=\"1000\" data-attachment-id=\"2816\" data-permalink=\"https:\/\/mbphotos.be\/index.php\/mon-premier-stage-portrait\/attachment\/_8078838-modifier\/\" data-orig-file=\"https:\/\/i0.wp.com\/mbphotos.be\/wp-content\/uploads\/2018\/09\/8078838-Modifier.jpg?fit=667%2C1000&amp;ssl=1\" data-orig-size=\"667,1000\" data-comments-opened=\"1\" data-image-meta=\"{&quot;aperture&quot;:&quot;1.8&quot;,&quot;credit&quot;:&quot;Marc_BIERNAUX&quot;,&quot;camera&quot;:&quot;NIKON D800&quot;,&quot;caption&quot;:&quot;&quot;,&quot;created_timestamp&quot;:&quot;1535805387&quot;,&quot;copyright&quot;:&quot;MBphotos&quot;,&quot;focal_length&quot;:&quot;85&quot;,&quot;iso&quot;:&quot;200&quot;,&quot;shutter_speed&quot;:&quot;0.001&quot;,&quot;title&quot;:&quot;&quot;,&quot;orientation&quot;:&quot;0&quot;}\" data-image-title=\"_8078838-Modifier\" data-image-description=\"\" data-image-caption=\"\" data-large-file=\"https:\/\/i0.wp.com\/mbphotos.be\/wp-content\/uploads\/2018\/09\/8078838-Modifier.jpg?fit=667%2C1000&amp;ssl=1\" data-id=\"2816\" src=\"https:\/\/i0.wp.com\/mbphotos.be\/wp-content\/uploads\/2018\/09\/8078838-Modifier.jpg?resize=667%2C1000&#038;ssl=1\" alt=\"\" class=\"wp-image-2816\" srcset=\"https:\/\/i0.wp.com\/mbphotos.be\/wp-content\/uploads\/2018\/09\/8078838-Modifier.jpg?w=667&amp;ssl=1 667w, https:\/\/i0.wp.com\/mbphotos.be\/wp-content\/uploads\/2018\/09\/8078838-Modifier.jpg?resize=200%2C300&amp;ssl=1 200w\" sizes=\"auto, (max-width: 667px) 100vw, 667px\" \/><\/a><\/figure>\n\n\n\n<figure class=\"wp-block-image size-large\"><a href=\"https:\/\/i0.wp.com\/mbphotos.be\/wp-content\/uploads\/2018\/09\/8078862.jpg?ssl=1\"><img data-recalc-dims=\"1\" loading=\"lazy\" decoding=\"async\" width=\"667\" height=\"1000\" data-attachment-id=\"2817\" data-permalink=\"https:\/\/mbphotos.be\/index.php\/mon-premier-stage-portrait\/attachment\/_8078862\/\" data-orig-file=\"https:\/\/i0.wp.com\/mbphotos.be\/wp-content\/uploads\/2018\/09\/8078862.jpg?fit=667%2C1000&amp;ssl=1\" data-orig-size=\"667,1000\" data-comments-opened=\"1\" data-image-meta=\"{&quot;aperture&quot;:&quot;1.8&quot;,&quot;credit&quot;:&quot;Marc_BIERNAUX&quot;,&quot;camera&quot;:&quot;NIKON D800&quot;,&quot;caption&quot;:&quot;&quot;,&quot;created_timestamp&quot;:&quot;1535807297&quot;,&quot;copyright&quot;:&quot;MBphotos&quot;,&quot;focal_length&quot;:&quot;85&quot;,&quot;iso&quot;:&quot;100&quot;,&quot;shutter_speed&quot;:&quot;0.0003125&quot;,&quot;title&quot;:&quot;&quot;,&quot;orientation&quot;:&quot;0&quot;}\" data-image-title=\"_8078862\" data-image-description=\"\" data-image-caption=\"\" data-large-file=\"https:\/\/i0.wp.com\/mbphotos.be\/wp-content\/uploads\/2018\/09\/8078862.jpg?fit=667%2C1000&amp;ssl=1\" data-id=\"2817\" src=\"https:\/\/i0.wp.com\/mbphotos.be\/wp-content\/uploads\/2018\/09\/8078862.jpg?resize=667%2C1000&#038;ssl=1\" alt=\"\" class=\"wp-image-2817\" srcset=\"https:\/\/i0.wp.com\/mbphotos.be\/wp-content\/uploads\/2018\/09\/8078862.jpg?w=667&amp;ssl=1 667w, https:\/\/i0.wp.com\/mbphotos.be\/wp-content\/uploads\/2018\/09\/8078862.jpg?resize=200%2C300&amp;ssl=1 200w\" sizes=\"auto, (max-width: 667px) 100vw, 667px\" \/><\/a><\/figure>\n\n\n\n<figure class=\"wp-block-image size-large\"><a href=\"https:\/\/i0.wp.com\/mbphotos.be\/wp-content\/uploads\/2018\/09\/8078867-Modifier-3.jpg?ssl=1\"><img data-recalc-dims=\"1\" loading=\"lazy\" decoding=\"async\" width=\"667\" height=\"1000\" data-attachment-id=\"2818\" data-permalink=\"https:\/\/mbphotos.be\/index.php\/mon-premier-stage-portrait\/attachment\/_8078867-modifier-3\/\" data-orig-file=\"https:\/\/i0.wp.com\/mbphotos.be\/wp-content\/uploads\/2018\/09\/8078867-Modifier-3.jpg?fit=667%2C1000&amp;ssl=1\" data-orig-size=\"667,1000\" data-comments-opened=\"1\" data-image-meta=\"{&quot;aperture&quot;:&quot;1.8&quot;,&quot;credit&quot;:&quot;Marc_BIERNAUX&quot;,&quot;camera&quot;:&quot;NIKON D800&quot;,&quot;caption&quot;:&quot;&quot;,&quot;created_timestamp&quot;:&quot;1535808386&quot;,&quot;copyright&quot;:&quot;MBphotos&quot;,&quot;focal_length&quot;:&quot;85&quot;,&quot;iso&quot;:&quot;100&quot;,&quot;shutter_speed&quot;:&quot;0.0003125&quot;,&quot;title&quot;:&quot;&quot;,&quot;orientation&quot;:&quot;0&quot;}\" data-image-title=\"_8078867-Modifier-3\" data-image-description=\"\" data-image-caption=\"\" data-large-file=\"https:\/\/i0.wp.com\/mbphotos.be\/wp-content\/uploads\/2018\/09\/8078867-Modifier-3.jpg?fit=667%2C1000&amp;ssl=1\" data-id=\"2818\" src=\"https:\/\/i0.wp.com\/mbphotos.be\/wp-content\/uploads\/2018\/09\/8078867-Modifier-3.jpg?resize=667%2C1000&#038;ssl=1\" alt=\"\" class=\"wp-image-2818\" srcset=\"https:\/\/i0.wp.com\/mbphotos.be\/wp-content\/uploads\/2018\/09\/8078867-Modifier-3.jpg?w=667&amp;ssl=1 667w, https:\/\/i0.wp.com\/mbphotos.be\/wp-content\/uploads\/2018\/09\/8078867-Modifier-3.jpg?resize=200%2C300&amp;ssl=1 200w\" sizes=\"auto, (max-width: 667px) 100vw, 667px\" \/><\/a><\/figure>\n\n\n\n<figure class=\"wp-block-image size-large\"><a href=\"https:\/\/i0.wp.com\/mbphotos.be\/wp-content\/uploads\/2018\/09\/8078867-nano.jpg?ssl=1\"><img data-recalc-dims=\"1\" loading=\"lazy\" decoding=\"async\" width=\"1000\" height=\"667\" data-attachment-id=\"2819\" data-permalink=\"https:\/\/mbphotos.be\/index.php\/mon-premier-stage-portrait\/attachment\/_8078867-nano\/\" data-orig-file=\"https:\/\/i0.wp.com\/mbphotos.be\/wp-content\/uploads\/2018\/09\/8078867-nano.jpg?fit=1000%2C667&amp;ssl=1\" data-orig-size=\"1000,667\" data-comments-opened=\"1\" data-image-meta=\"{&quot;aperture&quot;:&quot;1.8&quot;,&quot;credit&quot;:&quot;Marc_BIERNAUX&quot;,&quot;camera&quot;:&quot;NIKON D800&quot;,&quot;caption&quot;:&quot;&quot;,&quot;created_timestamp&quot;:&quot;1535808386&quot;,&quot;copyright&quot;:&quot;MBphotos&quot;,&quot;focal_length&quot;:&quot;85&quot;,&quot;iso&quot;:&quot;100&quot;,&quot;shutter_speed&quot;:&quot;0.0003125&quot;,&quot;title&quot;:&quot;&quot;,&quot;orientation&quot;:&quot;1&quot;}\" data-image-title=\"_8078867-nano\" data-image-description=\"\" data-image-caption=\"\" data-large-file=\"https:\/\/i0.wp.com\/mbphotos.be\/wp-content\/uploads\/2018\/09\/8078867-nano.jpg?fit=1000%2C667&amp;ssl=1\" data-id=\"2819\" src=\"https:\/\/i0.wp.com\/mbphotos.be\/wp-content\/uploads\/2018\/09\/8078867-nano.jpg?resize=1000%2C667&#038;ssl=1\" alt=\"\" class=\"wp-image-2819\" srcset=\"https:\/\/i0.wp.com\/mbphotos.be\/wp-content\/uploads\/2018\/09\/8078867-nano.jpg?w=1000&amp;ssl=1 1000w, https:\/\/i0.wp.com\/mbphotos.be\/wp-content\/uploads\/2018\/09\/8078867-nano.jpg?resize=300%2C200&amp;ssl=1 300w, https:\/\/i0.wp.com\/mbphotos.be\/wp-content\/uploads\/2018\/09\/8078867-nano.jpg?resize=768%2C512&amp;ssl=1 768w, https:\/\/i0.wp.com\/mbphotos.be\/wp-content\/uploads\/2018\/09\/8078867-nano.jpg?resize=360%2C240&amp;ssl=1 360w\" sizes=\"auto, (max-width: 1000px) 100vw, 1000px\" \/><\/a><\/figure>\n\n\n\n<figure class=\"wp-block-image size-large\"><a href=\"https:\/\/i0.wp.com\/mbphotos.be\/wp-content\/uploads\/2018\/09\/8078885.jpg?ssl=1\"><img data-recalc-dims=\"1\" loading=\"lazy\" decoding=\"async\" width=\"667\" height=\"1000\" data-attachment-id=\"2820\" data-permalink=\"https:\/\/mbphotos.be\/index.php\/mon-premier-stage-portrait\/attachment\/_8078885\/\" data-orig-file=\"https:\/\/i0.wp.com\/mbphotos.be\/wp-content\/uploads\/2018\/09\/8078885.jpg?fit=667%2C1000&amp;ssl=1\" data-orig-size=\"667,1000\" data-comments-opened=\"1\" data-image-meta=\"{&quot;aperture&quot;:&quot;4.2&quot;,&quot;credit&quot;:&quot;Marc_BIERNAUX&quot;,&quot;camera&quot;:&quot;NIKON D800&quot;,&quot;caption&quot;:&quot;&quot;,&quot;created_timestamp&quot;:&quot;1535810689&quot;,&quot;copyright&quot;:&quot;MBphotos&quot;,&quot;focal_length&quot;:&quot;140&quot;,&quot;iso&quot;:&quot;100&quot;,&quot;shutter_speed&quot;:&quot;0.002&quot;,&quot;title&quot;:&quot;&quot;,&quot;orientation&quot;:&quot;0&quot;}\" data-image-title=\"_8078885\" data-image-description=\"\" data-image-caption=\"\" data-large-file=\"https:\/\/i0.wp.com\/mbphotos.be\/wp-content\/uploads\/2018\/09\/8078885.jpg?fit=667%2C1000&amp;ssl=1\" data-id=\"2820\" src=\"https:\/\/i0.wp.com\/mbphotos.be\/wp-content\/uploads\/2018\/09\/8078885.jpg?resize=667%2C1000&#038;ssl=1\" alt=\"\" class=\"wp-image-2820\" srcset=\"https:\/\/i0.wp.com\/mbphotos.be\/wp-content\/uploads\/2018\/09\/8078885.jpg?w=667&amp;ssl=1 667w, https:\/\/i0.wp.com\/mbphotos.be\/wp-content\/uploads\/2018\/09\/8078885.jpg?resize=200%2C300&amp;ssl=1 200w\" sizes=\"auto, (max-width: 667px) 100vw, 667px\" \/><\/a><\/figure>\n\n\n\n<figure class=\"wp-block-image size-large\"><a href=\"https:\/\/i0.wp.com\/mbphotos.be\/wp-content\/uploads\/2018\/09\/8078890-2.jpg?ssl=1\"><img data-recalc-dims=\"1\" loading=\"lazy\" decoding=\"async\" width=\"667\" height=\"1000\" data-attachment-id=\"2821\" data-permalink=\"https:\/\/mbphotos.be\/index.php\/mon-premier-stage-portrait\/attachment\/_8078890-2\/\" data-orig-file=\"https:\/\/i0.wp.com\/mbphotos.be\/wp-content\/uploads\/2018\/09\/8078890-2.jpg?fit=667%2C1000&amp;ssl=1\" data-orig-size=\"667,1000\" data-comments-opened=\"1\" data-image-meta=\"{&quot;aperture&quot;:&quot;4.5&quot;,&quot;credit&quot;:&quot;Marc_BIERNAUX&quot;,&quot;camera&quot;:&quot;NIKON D800&quot;,&quot;caption&quot;:&quot;&quot;,&quot;created_timestamp&quot;:&quot;1535810778&quot;,&quot;copyright&quot;:&quot;MBphotos&quot;,&quot;focal_length&quot;:&quot;155&quot;,&quot;iso&quot;:&quot;100&quot;,&quot;shutter_speed&quot;:&quot;0.004&quot;,&quot;title&quot;:&quot;&quot;,&quot;orientation&quot;:&quot;0&quot;}\" data-image-title=\"_8078890-2\" data-image-description=\"\" data-image-caption=\"\" data-large-file=\"https:\/\/i0.wp.com\/mbphotos.be\/wp-content\/uploads\/2018\/09\/8078890-2.jpg?fit=667%2C1000&amp;ssl=1\" data-id=\"2821\" src=\"https:\/\/i0.wp.com\/mbphotos.be\/wp-content\/uploads\/2018\/09\/8078890-2.jpg?resize=667%2C1000&#038;ssl=1\" alt=\"\" class=\"wp-image-2821\" srcset=\"https:\/\/i0.wp.com\/mbphotos.be\/wp-content\/uploads\/2018\/09\/8078890-2.jpg?w=667&amp;ssl=1 667w, https:\/\/i0.wp.com\/mbphotos.be\/wp-content\/uploads\/2018\/09\/8078890-2.jpg?resize=200%2C300&amp;ssl=1 200w\" sizes=\"auto, (max-width: 667px) 100vw, 667px\" \/><\/a><\/figure>\n\n\n\n<figure class=\"wp-block-image size-large\"><a href=\"https:\/\/i0.wp.com\/mbphotos.be\/wp-content\/uploads\/2018\/09\/8078918.jpg?ssl=1\"><img data-recalc-dims=\"1\" loading=\"lazy\" decoding=\"async\" width=\"1000\" height=\"667\" data-attachment-id=\"2822\" data-permalink=\"https:\/\/mbphotos.be\/index.php\/mon-premier-stage-portrait\/attachment\/_8078918\/\" data-orig-file=\"https:\/\/i0.wp.com\/mbphotos.be\/wp-content\/uploads\/2018\/09\/8078918.jpg?fit=1000%2C667&amp;ssl=1\" data-orig-size=\"1000,667\" data-comments-opened=\"1\" data-image-meta=\"{&quot;aperture&quot;:&quot;2.5&quot;,&quot;credit&quot;:&quot;Marc_BIERNAUX&quot;,&quot;camera&quot;:&quot;NIKON D800&quot;,&quot;caption&quot;:&quot;&quot;,&quot;created_timestamp&quot;:&quot;1535811822&quot;,&quot;copyright&quot;:&quot;MBphotos&quot;,&quot;focal_length&quot;:&quot;85&quot;,&quot;iso&quot;:&quot;100&quot;,&quot;shutter_speed&quot;:&quot;0.0005&quot;,&quot;title&quot;:&quot;&quot;,&quot;orientation&quot;:&quot;0&quot;}\" data-image-title=\"_8078918\" data-image-description=\"\" data-image-caption=\"\" data-large-file=\"https:\/\/i0.wp.com\/mbphotos.be\/wp-content\/uploads\/2018\/09\/8078918.jpg?fit=1000%2C667&amp;ssl=1\" data-id=\"2822\" src=\"https:\/\/i0.wp.com\/mbphotos.be\/wp-content\/uploads\/2018\/09\/8078918.jpg?resize=1000%2C667&#038;ssl=1\" alt=\"\" class=\"wp-image-2822\" srcset=\"https:\/\/i0.wp.com\/mbphotos.be\/wp-content\/uploads\/2018\/09\/8078918.jpg?w=1000&amp;ssl=1 1000w, https:\/\/i0.wp.com\/mbphotos.be\/wp-content\/uploads\/2018\/09\/8078918.jpg?resize=300%2C200&amp;ssl=1 300w, https:\/\/i0.wp.com\/mbphotos.be\/wp-content\/uploads\/2018\/09\/8078918.jpg?resize=768%2C512&amp;ssl=1 768w, https:\/\/i0.wp.com\/mbphotos.be\/wp-content\/uploads\/2018\/09\/8078918.jpg?resize=360%2C240&amp;ssl=1 360w\" sizes=\"auto, (max-width: 1000px) 100vw, 1000px\" \/><\/a><\/figure>\n\n\n\n<figure class=\"wp-block-image size-large\"><a href=\"https:\/\/i0.wp.com\/mbphotos.be\/wp-content\/uploads\/2018\/09\/8078941.jpg?ssl=1\"><img data-recalc-dims=\"1\" loading=\"lazy\" decoding=\"async\" width=\"667\" height=\"1000\" data-attachment-id=\"2824\" data-permalink=\"https:\/\/mbphotos.be\/index.php\/mon-premier-stage-portrait\/attachment\/_8078941\/\" data-orig-file=\"https:\/\/i0.wp.com\/mbphotos.be\/wp-content\/uploads\/2018\/09\/8078941.jpg?fit=667%2C1000&amp;ssl=1\" data-orig-size=\"667,1000\" data-comments-opened=\"1\" data-image-meta=\"{&quot;aperture&quot;:&quot;1.8&quot;,&quot;credit&quot;:&quot;Marc_BIERNAUX&quot;,&quot;camera&quot;:&quot;NIKON D800&quot;,&quot;caption&quot;:&quot;&quot;,&quot;created_timestamp&quot;:&quot;1535812843&quot;,&quot;copyright&quot;:&quot;MBphotos&quot;,&quot;focal_length&quot;:&quot;85&quot;,&quot;iso&quot;:&quot;100&quot;,&quot;shutter_speed&quot;:&quot;0.0003125&quot;,&quot;title&quot;:&quot;&quot;,&quot;orientation&quot;:&quot;0&quot;}\" data-image-title=\"_8078941\" data-image-description=\"\" data-image-caption=\"\" data-large-file=\"https:\/\/i0.wp.com\/mbphotos.be\/wp-content\/uploads\/2018\/09\/8078941.jpg?fit=667%2C1000&amp;ssl=1\" data-id=\"2824\" src=\"https:\/\/i0.wp.com\/mbphotos.be\/wp-content\/uploads\/2018\/09\/8078941.jpg?resize=667%2C1000&#038;ssl=1\" alt=\"\" class=\"wp-image-2824\" srcset=\"https:\/\/i0.wp.com\/mbphotos.be\/wp-content\/uploads\/2018\/09\/8078941.jpg?w=667&amp;ssl=1 667w, https:\/\/i0.wp.com\/mbphotos.be\/wp-content\/uploads\/2018\/09\/8078941.jpg?resize=200%2C300&amp;ssl=1 200w\" sizes=\"auto, (max-width: 667px) 100vw, 667px\" \/><\/a><\/figure>\n\n\n\n<figure class=\"wp-block-image size-large\"><a href=\"https:\/\/i0.wp.com\/mbphotos.be\/wp-content\/uploads\/2018\/09\/8078941-Modifier.jpg?ssl=1\"><img data-recalc-dims=\"1\" loading=\"lazy\" decoding=\"async\" width=\"1000\" height=\"667\" data-attachment-id=\"2825\" data-permalink=\"https:\/\/mbphotos.be\/index.php\/mon-premier-stage-portrait\/attachment\/_8078941-modifier\/\" data-orig-file=\"https:\/\/i0.wp.com\/mbphotos.be\/wp-content\/uploads\/2018\/09\/8078941-Modifier.jpg?fit=1000%2C667&amp;ssl=1\" data-orig-size=\"1000,667\" data-comments-opened=\"1\" data-image-meta=\"{&quot;aperture&quot;:&quot;1.8&quot;,&quot;credit&quot;:&quot;Marc_BIERNAUX&quot;,&quot;camera&quot;:&quot;NIKON D800&quot;,&quot;caption&quot;:&quot;&quot;,&quot;created_timestamp&quot;:&quot;1535812843&quot;,&quot;copyright&quot;:&quot;MBphotos&quot;,&quot;focal_length&quot;:&quot;85&quot;,&quot;iso&quot;:&quot;100&quot;,&quot;shutter_speed&quot;:&quot;0.0003125&quot;,&quot;title&quot;:&quot;&quot;,&quot;orientation&quot;:&quot;0&quot;}\" data-image-title=\"_8078941-Modifier\" data-image-description=\"\" data-image-caption=\"\" data-large-file=\"https:\/\/i0.wp.com\/mbphotos.be\/wp-content\/uploads\/2018\/09\/8078941-Modifier.jpg?fit=1000%2C667&amp;ssl=1\" data-id=\"2825\" src=\"https:\/\/i0.wp.com\/mbphotos.be\/wp-content\/uploads\/2018\/09\/8078941-Modifier.jpg?resize=1000%2C667&#038;ssl=1\" alt=\"\" class=\"wp-image-2825\" srcset=\"https:\/\/i0.wp.com\/mbphotos.be\/wp-content\/uploads\/2018\/09\/8078941-Modifier.jpg?w=1000&amp;ssl=1 1000w, https:\/\/i0.wp.com\/mbphotos.be\/wp-content\/uploads\/2018\/09\/8078941-Modifier.jpg?resize=300%2C200&amp;ssl=1 300w, https:\/\/i0.wp.com\/mbphotos.be\/wp-content\/uploads\/2018\/09\/8078941-Modifier.jpg?resize=768%2C512&amp;ssl=1 768w, https:\/\/i0.wp.com\/mbphotos.be\/wp-content\/uploads\/2018\/09\/8078941-Modifier.jpg?resize=360%2C240&amp;ssl=1 360w\" sizes=\"auto, (max-width: 1000px) 100vw, 1000px\" \/><\/a><\/figure>\n<\/figure>\n","protected":false},"excerpt":{"rendered":"<p>Premier stage \u00ab\u00a0Portrait\u00a0\u00bb en \u00e9clairage naturel Merci \u00e0 Pierre Rousseau photographe professionnel et organisateur du stage (Les amis d&rsquo; Atelier d&rsquo;images Merci \u00e9galement \u00e0 llona, le mod\u00e8le, qui a fait preuve de beaucoup de patience.<\/p>\n","protected":false},"author":1,"featured_media":0,"parent":0,"menu_order":0,"comment_status":"open","ping_status":"closed","template":"","meta":{"_seopress_robots_primary_cat":"","_seopress_titles_title":"","_seopress_titles_desc":"","_seopress_robots_index":"","footnotes":""},"class_list":["post-2815","page","type-page","status-publish","hentry"],"jetpack_sharing_enabled":true,"jetpack_shortlink":"https:\/\/wp.me\/P9qCFt-Jp","_links":{"self":[{"href":"https:\/\/mbphotos.be\/index.php\/wp-json\/wp\/v2\/pages\/2815","targetHints":{"allow":["GET"]}}],"collection":[{"href":"https:\/\/mbphotos.be\/index.php\/wp-json\/wp\/v2\/pages"}],"about":[{"href":"https:\/\/mbphotos.be\/index.php\/wp-json\/wp\/v2\/types\/page"}],"author":[{"embeddable":true,"href":"https:\/\/mbphotos.be\/index.php\/wp-json\/wp\/v2\/users\/1"}],"replies":[{"embeddable":true,"href":"https:\/\/mbphotos.be\/index.php\/wp-json\/wp\/v2\/comments?post=2815"}],"version-history":[{"count":8,"href":"https:\/\/mbphotos.be\/index.php\/wp-json\/wp\/v2\/pages\/2815\/revisions"}],"predecessor-version":[{"id":10016,"href":"https:\/\/mbphotos.be\/index.php\/wp-json\/wp\/v2\/pages\/2815\/revisions\/10016"}],"wp:attachment":[{"href":"https:\/\/mbphotos.be\/index.php\/wp-json\/wp\/v2\/media?parent=2815"}],"curies":[{"name":"wp","href":"https:\/\/api.w.org\/{rel}","templated":true}]}}