{"id":3349,"date":"2019-03-03T17:18:19","date_gmt":"2019-03-03T16:18:19","guid":{"rendered":"http:\/\/mbphotos.be\/?page_id=3349"},"modified":"2023-07-17T20:21:36","modified_gmt":"2023-07-17T18:21:36","slug":"poterie-dubois-a-bouffioux","status":"publish","type":"page","link":"https:\/\/mbphotos.be\/index.php\/poterie-dubois-a-bouffioux\/","title":{"rendered":"Poterie Dubois \u00e0 Bouffioulx"},"content":{"rendered":"\n<p>\u00ab\u00a0<em>A Bouffioulx, la fabrication de poteries en gr\u00e8s verniss\u00e9 au sel remonte au Moyen-Age (13e si\u00e8cle).<\/em>\u00ab\u00a0<\/p>\n\n\n\n<p><em>\u00ab\u00a0&#8230;visite de l&rsquo;atelier en activit\u00e9.\u00a0\u00bb<\/em><br><em>\u00ab\u00a0Introduction \u00e0 la visite par la pr\u00e9sentation de l&rsquo;\u00e9volution de la fabrication du gr\u00e8s du 15\u00e8me si\u00e8cle \u00e0 nos jours.\u00a0\u00bb&nbsp;<\/em><\/p>\n\n\n\n<p><a href=\"http:\/\/www.poteriedubois.be\/fr.html\" target=\"_blank\" rel=\"noopener noreferrer\">plus d&rsquo;info sur la poterie DUBOIS <\/a><\/p>\n\n\n\n<figure class=\"wp-block-gallery has-nested-images columns-3 is-cropped wp-block-gallery-1 is-layout-flex wp-block-gallery-is-layout-flex\">\n<figure class=\"wp-block-image size-large\"><img data-recalc-dims=\"1\" loading=\"lazy\" decoding=\"async\" width=\"667\" height=\"1000\" data-attachment-id=\"3354\" data-permalink=\"https:\/\/mbphotos.be\/index.php\/poterie-dubois-a-bouffioux\/attachment\/_8071571\/\" data-orig-file=\"https:\/\/i0.wp.com\/mbphotos.be\/wp-content\/uploads\/2019\/03\/8071571.jpg?fit=667%2C1000&amp;ssl=1\" data-orig-size=\"667,1000\" data-comments-opened=\"1\" data-image-meta=\"{&quot;aperture&quot;:&quot;4.5&quot;,&quot;credit&quot;:&quot;Marc_BIERNAUX&quot;,&quot;camera&quot;:&quot;NIKON D800&quot;,&quot;caption&quot;:&quot;&quot;,&quot;created_timestamp&quot;:&quot;1551519860&quot;,&quot;copyright&quot;:&quot;MBphotos&quot;,&quot;focal_length&quot;:&quot;26&quot;,&quot;iso&quot;:&quot;200&quot;,&quot;shutter_speed&quot;:&quot;0.00625&quot;,&quot;title&quot;:&quot;&quot;,&quot;orientation&quot;:&quot;0&quot;}\" data-image-title=\"_8071571\" data-image-description=\"\" data-image-caption=\"\" data-large-file=\"https:\/\/i0.wp.com\/mbphotos.be\/wp-content\/uploads\/2019\/03\/8071571.jpg?fit=667%2C1000&amp;ssl=1\" data-id=\"3354\" src=\"https:\/\/i0.wp.com\/mbphotos.be\/wp-content\/uploads\/2019\/03\/8071571.jpg?resize=667%2C1000&#038;ssl=1\" alt=\"\" class=\"wp-image-3354\" srcset=\"https:\/\/i0.wp.com\/mbphotos.be\/wp-content\/uploads\/2019\/03\/8071571.jpg?w=667&amp;ssl=1 667w, https:\/\/i0.wp.com\/mbphotos.be\/wp-content\/uploads\/2019\/03\/8071571.jpg?resize=200%2C300&amp;ssl=1 200w\" sizes=\"auto, (max-width: 667px) 100vw, 667px\" \/><\/figure>\n\n\n\n<figure class=\"wp-block-image size-large\"><img data-recalc-dims=\"1\" loading=\"lazy\" decoding=\"async\" width=\"667\" height=\"1000\" data-attachment-id=\"3365\" data-permalink=\"https:\/\/mbphotos.be\/index.php\/poterie-dubois-a-bouffioux\/attachment\/_8071594\/\" data-orig-file=\"https:\/\/i0.wp.com\/mbphotos.be\/wp-content\/uploads\/2019\/03\/8071594.jpg?fit=667%2C1000&amp;ssl=1\" data-orig-size=\"667,1000\" data-comments-opened=\"1\" data-image-meta=\"{&quot;aperture&quot;:&quot;6.3&quot;,&quot;credit&quot;:&quot;Marc_BIERNAUX&quot;,&quot;camera&quot;:&quot;NIKON D800&quot;,&quot;caption&quot;:&quot;&quot;,&quot;created_timestamp&quot;:&quot;1551522515&quot;,&quot;copyright&quot;:&quot;MBphotos&quot;,&quot;focal_length&quot;:&quot;24&quot;,&quot;iso&quot;:&quot;200&quot;,&quot;shutter_speed&quot;:&quot;0.8&quot;,&quot;title&quot;:&quot;&quot;,&quot;orientation&quot;:&quot;0&quot;}\" data-image-title=\"_8071594\" data-image-description=\"\" data-image-caption=\"\" data-large-file=\"https:\/\/i0.wp.com\/mbphotos.be\/wp-content\/uploads\/2019\/03\/8071594.jpg?fit=667%2C1000&amp;ssl=1\" data-id=\"3365\" src=\"https:\/\/i0.wp.com\/mbphotos.be\/wp-content\/uploads\/2019\/03\/8071594.jpg?resize=667%2C1000&#038;ssl=1\" alt=\"\" class=\"wp-image-3365\" srcset=\"https:\/\/i0.wp.com\/mbphotos.be\/wp-content\/uploads\/2019\/03\/8071594.jpg?w=667&amp;ssl=1 667w, https:\/\/i0.wp.com\/mbphotos.be\/wp-content\/uploads\/2019\/03\/8071594.jpg?resize=200%2C300&amp;ssl=1 200w\" sizes=\"auto, (max-width: 667px) 100vw, 667px\" \/><\/figure>\n\n\n\n<figure class=\"wp-block-image size-large\"><img data-recalc-dims=\"1\" loading=\"lazy\" decoding=\"async\" width=\"1000\" height=\"667\" data-attachment-id=\"3355\" data-permalink=\"https:\/\/mbphotos.be\/index.php\/poterie-dubois-a-bouffioux\/attachment\/_8071572\/\" data-orig-file=\"https:\/\/i0.wp.com\/mbphotos.be\/wp-content\/uploads\/2019\/03\/8071572.jpg?fit=1000%2C667&amp;ssl=1\" data-orig-size=\"1000,667\" data-comments-opened=\"1\" data-image-meta=\"{&quot;aperture&quot;:&quot;4&quot;,&quot;credit&quot;:&quot;Marc_BIERNAUX&quot;,&quot;camera&quot;:&quot;NIKON D800&quot;,&quot;caption&quot;:&quot;&quot;,&quot;created_timestamp&quot;:&quot;1551520234&quot;,&quot;copyright&quot;:&quot;MBphotos&quot;,&quot;focal_length&quot;:&quot;36&quot;,&quot;iso&quot;:&quot;200&quot;,&quot;shutter_speed&quot;:&quot;0.33333333333333&quot;,&quot;title&quot;:&quot;&quot;,&quot;orientation&quot;:&quot;0&quot;}\" data-image-title=\"_8071572\" data-image-description=\"\" data-image-caption=\"\" data-large-file=\"https:\/\/i0.wp.com\/mbphotos.be\/wp-content\/uploads\/2019\/03\/8071572.jpg?fit=1000%2C667&amp;ssl=1\" data-id=\"3355\" src=\"https:\/\/i0.wp.com\/mbphotos.be\/wp-content\/uploads\/2019\/03\/8071572.jpg?resize=1000%2C667&#038;ssl=1\" alt=\"\" class=\"wp-image-3355\" srcset=\"https:\/\/i0.wp.com\/mbphotos.be\/wp-content\/uploads\/2019\/03\/8071572.jpg?w=1000&amp;ssl=1 1000w, https:\/\/i0.wp.com\/mbphotos.be\/wp-content\/uploads\/2019\/03\/8071572.jpg?resize=300%2C200&amp;ssl=1 300w, https:\/\/i0.wp.com\/mbphotos.be\/wp-content\/uploads\/2019\/03\/8071572.jpg?resize=768%2C512&amp;ssl=1 768w, https:\/\/i0.wp.com\/mbphotos.be\/wp-content\/uploads\/2019\/03\/8071572.jpg?resize=360%2C240&amp;ssl=1 360w\" sizes=\"auto, (max-width: 1000px) 100vw, 1000px\" \/><\/figure>\n\n\n\n<figure class=\"wp-block-image size-large\"><img data-recalc-dims=\"1\" loading=\"lazy\" decoding=\"async\" width=\"1000\" height=\"667\" data-attachment-id=\"3356\" data-permalink=\"https:\/\/mbphotos.be\/index.php\/poterie-dubois-a-bouffioux\/attachment\/_8071573\/\" data-orig-file=\"https:\/\/i0.wp.com\/mbphotos.be\/wp-content\/uploads\/2019\/03\/8071573.jpg?fit=1000%2C667&amp;ssl=1\" data-orig-size=\"1000,667\" data-comments-opened=\"1\" data-image-meta=\"{&quot;aperture&quot;:&quot;4.2&quot;,&quot;credit&quot;:&quot;Marc_BIERNAUX&quot;,&quot;camera&quot;:&quot;NIKON D800&quot;,&quot;caption&quot;:&quot;&quot;,&quot;created_timestamp&quot;:&quot;1551520406&quot;,&quot;copyright&quot;:&quot;MBphotos&quot;,&quot;focal_length&quot;:&quot;46&quot;,&quot;iso&quot;:&quot;200&quot;,&quot;shutter_speed&quot;:&quot;0.5&quot;,&quot;title&quot;:&quot;&quot;,&quot;orientation&quot;:&quot;0&quot;}\" data-image-title=\"_8071573\" data-image-description=\"\" data-image-caption=\"\" data-large-file=\"https:\/\/i0.wp.com\/mbphotos.be\/wp-content\/uploads\/2019\/03\/8071573.jpg?fit=1000%2C667&amp;ssl=1\" data-id=\"3356\" src=\"https:\/\/i0.wp.com\/mbphotos.be\/wp-content\/uploads\/2019\/03\/8071573.jpg?resize=1000%2C667&#038;ssl=1\" alt=\"\" class=\"wp-image-3356\" srcset=\"https:\/\/i0.wp.com\/mbphotos.be\/wp-content\/uploads\/2019\/03\/8071573.jpg?w=1000&amp;ssl=1 1000w, https:\/\/i0.wp.com\/mbphotos.be\/wp-content\/uploads\/2019\/03\/8071573.jpg?resize=300%2C200&amp;ssl=1 300w, https:\/\/i0.wp.com\/mbphotos.be\/wp-content\/uploads\/2019\/03\/8071573.jpg?resize=768%2C512&amp;ssl=1 768w, https:\/\/i0.wp.com\/mbphotos.be\/wp-content\/uploads\/2019\/03\/8071573.jpg?resize=360%2C240&amp;ssl=1 360w\" sizes=\"auto, (max-width: 1000px) 100vw, 1000px\" \/><\/figure>\n\n\n\n<figure class=\"wp-block-image size-large\"><img data-recalc-dims=\"1\" loading=\"lazy\" decoding=\"async\" width=\"1000\" height=\"667\" data-attachment-id=\"3371\" data-permalink=\"https:\/\/mbphotos.be\/index.php\/poterie-dubois-a-bouffioux\/attachment\/_8071600-2\/\" data-orig-file=\"https:\/\/i0.wp.com\/mbphotos.be\/wp-content\/uploads\/2019\/03\/8071600-1.jpg?fit=1000%2C667&amp;ssl=1\" data-orig-size=\"1000,667\" data-comments-opened=\"1\" data-image-meta=\"{&quot;aperture&quot;:&quot;4.5&quot;,&quot;credit&quot;:&quot;Marc_BIERNAUX&quot;,&quot;camera&quot;:&quot;NIKON D800&quot;,&quot;caption&quot;:&quot;&quot;,&quot;created_timestamp&quot;:&quot;1551523288&quot;,&quot;copyright&quot;:&quot;MBphotos&quot;,&quot;focal_length&quot;:&quot;65&quot;,&quot;iso&quot;:&quot;200&quot;,&quot;shutter_speed&quot;:&quot;0.033333333333333&quot;,&quot;title&quot;:&quot;&quot;,&quot;orientation&quot;:&quot;0&quot;}\" data-image-title=\"_8071600\" data-image-description=\"\" data-image-caption=\"\" data-large-file=\"https:\/\/i0.wp.com\/mbphotos.be\/wp-content\/uploads\/2019\/03\/8071600-1.jpg?fit=1000%2C667&amp;ssl=1\" data-id=\"3371\" src=\"https:\/\/i0.wp.com\/mbphotos.be\/wp-content\/uploads\/2019\/03\/8071600-1.jpg?resize=1000%2C667&#038;ssl=1\" alt=\"\" class=\"wp-image-3371\" srcset=\"https:\/\/i0.wp.com\/mbphotos.be\/wp-content\/uploads\/2019\/03\/8071600-1.jpg?w=1000&amp;ssl=1 1000w, https:\/\/i0.wp.com\/mbphotos.be\/wp-content\/uploads\/2019\/03\/8071600-1.jpg?resize=300%2C200&amp;ssl=1 300w, https:\/\/i0.wp.com\/mbphotos.be\/wp-content\/uploads\/2019\/03\/8071600-1.jpg?resize=768%2C512&amp;ssl=1 768w, https:\/\/i0.wp.com\/mbphotos.be\/wp-content\/uploads\/2019\/03\/8071600-1.jpg?resize=360%2C240&amp;ssl=1 360w\" sizes=\"auto, (max-width: 1000px) 100vw, 1000px\" \/><\/figure>\n\n\n\n<figure class=\"wp-block-image size-large\"><img data-recalc-dims=\"1\" loading=\"lazy\" decoding=\"async\" width=\"667\" height=\"1000\" data-attachment-id=\"3358\" data-permalink=\"https:\/\/mbphotos.be\/index.php\/poterie-dubois-a-bouffioux\/attachment\/_8071585\/\" data-orig-file=\"https:\/\/i0.wp.com\/mbphotos.be\/wp-content\/uploads\/2019\/03\/8071585.jpg?fit=667%2C1000&amp;ssl=1\" data-orig-size=\"667,1000\" data-comments-opened=\"1\" data-image-meta=\"{&quot;aperture&quot;:&quot;11&quot;,&quot;credit&quot;:&quot;Marc_BIERNAUX&quot;,&quot;camera&quot;:&quot;NIKON D800&quot;,&quot;caption&quot;:&quot;&quot;,&quot;created_timestamp&quot;:&quot;1551521863&quot;,&quot;copyright&quot;:&quot;MBphotos&quot;,&quot;focal_length&quot;:&quot;28&quot;,&quot;iso&quot;:&quot;200&quot;,&quot;shutter_speed&quot;:&quot;2.5&quot;,&quot;title&quot;:&quot;&quot;,&quot;orientation&quot;:&quot;0&quot;}\" data-image-title=\"_8071585\" data-image-description=\"\" data-image-caption=\"\" data-large-file=\"https:\/\/i0.wp.com\/mbphotos.be\/wp-content\/uploads\/2019\/03\/8071585.jpg?fit=667%2C1000&amp;ssl=1\" data-id=\"3358\" src=\"https:\/\/i0.wp.com\/mbphotos.be\/wp-content\/uploads\/2019\/03\/8071585.jpg?resize=667%2C1000&#038;ssl=1\" alt=\"\" class=\"wp-image-3358\" srcset=\"https:\/\/i0.wp.com\/mbphotos.be\/wp-content\/uploads\/2019\/03\/8071585.jpg?w=667&amp;ssl=1 667w, https:\/\/i0.wp.com\/mbphotos.be\/wp-content\/uploads\/2019\/03\/8071585.jpg?resize=200%2C300&amp;ssl=1 200w\" sizes=\"auto, (max-width: 667px) 100vw, 667px\" \/><\/figure>\n\n\n\n<figure class=\"wp-block-image size-large\"><img data-recalc-dims=\"1\" loading=\"lazy\" decoding=\"async\" width=\"667\" height=\"1000\" data-attachment-id=\"3359\" data-permalink=\"https:\/\/mbphotos.be\/index.php\/poterie-dubois-a-bouffioux\/attachment\/_8071590\/\" data-orig-file=\"https:\/\/i0.wp.com\/mbphotos.be\/wp-content\/uploads\/2019\/03\/8071590.jpg?fit=667%2C1000&amp;ssl=1\" data-orig-size=\"667,1000\" data-comments-opened=\"1\" data-image-meta=\"{&quot;aperture&quot;:&quot;11&quot;,&quot;credit&quot;:&quot;Marc_BIERNAUX&quot;,&quot;camera&quot;:&quot;NIKON D800&quot;,&quot;caption&quot;:&quot;&quot;,&quot;created_timestamp&quot;:&quot;1551522162&quot;,&quot;copyright&quot;:&quot;MBphotos&quot;,&quot;focal_length&quot;:&quot;85&quot;,&quot;iso&quot;:&quot;200&quot;,&quot;shutter_speed&quot;:&quot;1&quot;,&quot;title&quot;:&quot;&quot;,&quot;orientation&quot;:&quot;0&quot;}\" data-image-title=\"_8071590\" data-image-description=\"\" data-image-caption=\"\" data-large-file=\"https:\/\/i0.wp.com\/mbphotos.be\/wp-content\/uploads\/2019\/03\/8071590.jpg?fit=667%2C1000&amp;ssl=1\" data-id=\"3359\" src=\"https:\/\/i0.wp.com\/mbphotos.be\/wp-content\/uploads\/2019\/03\/8071590.jpg?resize=667%2C1000&#038;ssl=1\" alt=\"\" class=\"wp-image-3359\" srcset=\"https:\/\/i0.wp.com\/mbphotos.be\/wp-content\/uploads\/2019\/03\/8071590.jpg?w=667&amp;ssl=1 667w, https:\/\/i0.wp.com\/mbphotos.be\/wp-content\/uploads\/2019\/03\/8071590.jpg?resize=200%2C300&amp;ssl=1 200w\" sizes=\"auto, (max-width: 667px) 100vw, 667px\" \/><\/figure>\n\n\n\n<figure class=\"wp-block-image size-large\"><img data-recalc-dims=\"1\" loading=\"lazy\" decoding=\"async\" width=\"1000\" height=\"667\" data-attachment-id=\"3360\" data-permalink=\"https:\/\/mbphotos.be\/index.php\/poterie-dubois-a-bouffioux\/attachment\/_8071596\/\" data-orig-file=\"https:\/\/i0.wp.com\/mbphotos.be\/wp-content\/uploads\/2019\/03\/8071596.jpg?fit=1000%2C667&amp;ssl=1\" data-orig-size=\"1000,667\" data-comments-opened=\"1\" data-image-meta=\"{&quot;aperture&quot;:&quot;8&quot;,&quot;credit&quot;:&quot;Marc_BIERNAUX&quot;,&quot;camera&quot;:&quot;NIKON D800&quot;,&quot;caption&quot;:&quot;&quot;,&quot;created_timestamp&quot;:&quot;1551522837&quot;,&quot;copyright&quot;:&quot;MBphotos&quot;,&quot;focal_length&quot;:&quot;24&quot;,&quot;iso&quot;:&quot;200&quot;,&quot;shutter_speed&quot;:&quot;15&quot;,&quot;title&quot;:&quot;&quot;,&quot;orientation&quot;:&quot;0&quot;}\" data-image-title=\"_8071596\" data-image-description=\"\" data-image-caption=\"\" data-large-file=\"https:\/\/i0.wp.com\/mbphotos.be\/wp-content\/uploads\/2019\/03\/8071596.jpg?fit=1000%2C667&amp;ssl=1\" data-id=\"3360\" src=\"https:\/\/i0.wp.com\/mbphotos.be\/wp-content\/uploads\/2019\/03\/8071596.jpg?resize=1000%2C667&#038;ssl=1\" alt=\"\" class=\"wp-image-3360\" srcset=\"https:\/\/i0.wp.com\/mbphotos.be\/wp-content\/uploads\/2019\/03\/8071596.jpg?w=1000&amp;ssl=1 1000w, https:\/\/i0.wp.com\/mbphotos.be\/wp-content\/uploads\/2019\/03\/8071596.jpg?resize=300%2C200&amp;ssl=1 300w, https:\/\/i0.wp.com\/mbphotos.be\/wp-content\/uploads\/2019\/03\/8071596.jpg?resize=768%2C512&amp;ssl=1 768w, https:\/\/i0.wp.com\/mbphotos.be\/wp-content\/uploads\/2019\/03\/8071596.jpg?resize=360%2C240&amp;ssl=1 360w\" sizes=\"auto, (max-width: 1000px) 100vw, 1000px\" \/><\/figure>\n\n\n\n<figure class=\"wp-block-image size-large\"><img data-recalc-dims=\"1\" loading=\"lazy\" decoding=\"async\" width=\"667\" height=\"1000\" data-attachment-id=\"3357\" data-permalink=\"https:\/\/mbphotos.be\/index.php\/poterie-dubois-a-bouffioux\/attachment\/_8071580\/\" data-orig-file=\"https:\/\/i0.wp.com\/mbphotos.be\/wp-content\/uploads\/2019\/03\/8071580.jpg?fit=667%2C1000&amp;ssl=1\" data-orig-size=\"667,1000\" data-comments-opened=\"1\" data-image-meta=\"{&quot;aperture&quot;:&quot;5.6&quot;,&quot;credit&quot;:&quot;Marc_BIERNAUX&quot;,&quot;camera&quot;:&quot;NIKON D800&quot;,&quot;caption&quot;:&quot;&quot;,&quot;created_timestamp&quot;:&quot;1551521609&quot;,&quot;copyright&quot;:&quot;MBphotos&quot;,&quot;focal_length&quot;:&quot;85&quot;,&quot;iso&quot;:&quot;200&quot;,&quot;shutter_speed&quot;:&quot;0.8&quot;,&quot;title&quot;:&quot;&quot;,&quot;orientation&quot;:&quot;0&quot;}\" data-image-title=\"_8071580\" data-image-description=\"\" data-image-caption=\"\" data-large-file=\"https:\/\/i0.wp.com\/mbphotos.be\/wp-content\/uploads\/2019\/03\/8071580.jpg?fit=667%2C1000&amp;ssl=1\" data-id=\"3357\" src=\"https:\/\/i0.wp.com\/mbphotos.be\/wp-content\/uploads\/2019\/03\/8071580.jpg?resize=667%2C1000&#038;ssl=1\" alt=\"\" class=\"wp-image-3357\" srcset=\"https:\/\/i0.wp.com\/mbphotos.be\/wp-content\/uploads\/2019\/03\/8071580.jpg?w=667&amp;ssl=1 667w, https:\/\/i0.wp.com\/mbphotos.be\/wp-content\/uploads\/2019\/03\/8071580.jpg?resize=200%2C300&amp;ssl=1 200w\" sizes=\"auto, (max-width: 667px) 100vw, 667px\" \/><\/figure>\n\n\n\n<figure class=\"wp-block-image size-large\"><img data-recalc-dims=\"1\" loading=\"lazy\" decoding=\"async\" width=\"667\" height=\"1000\" data-attachment-id=\"3362\" data-permalink=\"https:\/\/mbphotos.be\/index.php\/poterie-dubois-a-bouffioux\/attachment\/_8071602\/\" data-orig-file=\"https:\/\/i0.wp.com\/mbphotos.be\/wp-content\/uploads\/2019\/03\/8071602.jpg?fit=667%2C1000&amp;ssl=1\" data-orig-size=\"667,1000\" data-comments-opened=\"1\" data-image-meta=\"{&quot;aperture&quot;:&quot;13&quot;,&quot;credit&quot;:&quot;Marc_BIERNAUX&quot;,&quot;camera&quot;:&quot;NIKON D800&quot;,&quot;caption&quot;:&quot;&quot;,&quot;created_timestamp&quot;:&quot;1551523512&quot;,&quot;copyright&quot;:&quot;MBphotos&quot;,&quot;focal_length&quot;:&quot;65&quot;,&quot;iso&quot;:&quot;200&quot;,&quot;shutter_speed&quot;:&quot;1.3&quot;,&quot;title&quot;:&quot;&quot;,&quot;orientation&quot;:&quot;0&quot;}\" data-image-title=\"_8071602\" data-image-description=\"\" data-image-caption=\"\" data-large-file=\"https:\/\/i0.wp.com\/mbphotos.be\/wp-content\/uploads\/2019\/03\/8071602.jpg?fit=667%2C1000&amp;ssl=1\" data-id=\"3362\" src=\"https:\/\/i0.wp.com\/mbphotos.be\/wp-content\/uploads\/2019\/03\/8071602.jpg?resize=667%2C1000&#038;ssl=1\" alt=\"\" class=\"wp-image-3362\" srcset=\"https:\/\/i0.wp.com\/mbphotos.be\/wp-content\/uploads\/2019\/03\/8071602.jpg?w=667&amp;ssl=1 667w, https:\/\/i0.wp.com\/mbphotos.be\/wp-content\/uploads\/2019\/03\/8071602.jpg?resize=200%2C300&amp;ssl=1 200w\" sizes=\"auto, (max-width: 667px) 100vw, 667px\" \/><\/figure>\n\n\n\n<figure class=\"wp-block-image size-large\"><img data-recalc-dims=\"1\" loading=\"lazy\" decoding=\"async\" width=\"667\" height=\"1000\" data-attachment-id=\"3363\" data-permalink=\"https:\/\/mbphotos.be\/index.php\/poterie-dubois-a-bouffioux\/attachment\/_8071606\/\" data-orig-file=\"https:\/\/i0.wp.com\/mbphotos.be\/wp-content\/uploads\/2019\/03\/8071606.jpg?fit=667%2C1000&amp;ssl=1\" data-orig-size=\"667,1000\" data-comments-opened=\"1\" data-image-meta=\"{&quot;aperture&quot;:&quot;10&quot;,&quot;credit&quot;:&quot;Marc_BIERNAUX&quot;,&quot;camera&quot;:&quot;NIKON D800&quot;,&quot;caption&quot;:&quot;&quot;,&quot;created_timestamp&quot;:&quot;1551523861&quot;,&quot;copyright&quot;:&quot;MBphotos&quot;,&quot;focal_length&quot;:&quot;58&quot;,&quot;iso&quot;:&quot;200&quot;,&quot;shutter_speed&quot;:&quot;1.3&quot;,&quot;title&quot;:&quot;&quot;,&quot;orientation&quot;:&quot;0&quot;}\" data-image-title=\"_8071606\" data-image-description=\"\" data-image-caption=\"\" data-large-file=\"https:\/\/i0.wp.com\/mbphotos.be\/wp-content\/uploads\/2019\/03\/8071606.jpg?fit=667%2C1000&amp;ssl=1\" data-id=\"3363\" src=\"https:\/\/i0.wp.com\/mbphotos.be\/wp-content\/uploads\/2019\/03\/8071606.jpg?resize=667%2C1000&#038;ssl=1\" alt=\"\" class=\"wp-image-3363\" srcset=\"https:\/\/i0.wp.com\/mbphotos.be\/wp-content\/uploads\/2019\/03\/8071606.jpg?w=667&amp;ssl=1 667w, https:\/\/i0.wp.com\/mbphotos.be\/wp-content\/uploads\/2019\/03\/8071606.jpg?resize=200%2C300&amp;ssl=1 200w\" sizes=\"auto, (max-width: 667px) 100vw, 667px\" \/><\/figure>\n<\/figure>\n","protected":false},"excerpt":{"rendered":"<p>\u00ab\u00a0A Bouffioulx, la fabrication de poteries en gr\u00e8s verniss\u00e9 au sel remonte au Moyen-Age (13e si\u00e8cle).\u00ab\u00a0 \u00ab\u00a0&#8230;visite de l&rsquo;atelier en activit\u00e9.\u00a0\u00bb\u00ab\u00a0Introduction \u00e0 la visite par la pr\u00e9sentation de l&rsquo;\u00e9volution de la fabrication du gr\u00e8s du 15\u00e8me si\u00e8cle \u00e0 nos jours.\u00a0\u00bb&nbsp; plus d&rsquo;info sur la poterie DUBOIS<\/p>\n","protected":false},"author":1,"featured_media":0,"parent":0,"menu_order":0,"comment_status":"closed","ping_status":"closed","template":"","meta":{"_seopress_robots_primary_cat":"","_seopress_titles_title":"","_seopress_titles_desc":"","_seopress_robots_index":"","footnotes":""},"class_list":["post-3349","page","type-page","status-publish","hentry"],"jetpack_sharing_enabled":true,"jetpack_shortlink":"https:\/\/wp.me\/P9qCFt-S1","_links":{"self":[{"href":"https:\/\/mbphotos.be\/index.php\/wp-json\/wp\/v2\/pages\/3349","targetHints":{"allow":["GET"]}}],"collection":[{"href":"https:\/\/mbphotos.be\/index.php\/wp-json\/wp\/v2\/pages"}],"about":[{"href":"https:\/\/mbphotos.be\/index.php\/wp-json\/wp\/v2\/types\/page"}],"author":[{"embeddable":true,"href":"https:\/\/mbphotos.be\/index.php\/wp-json\/wp\/v2\/users\/1"}],"replies":[{"embeddable":true,"href":"https:\/\/mbphotos.be\/index.php\/wp-json\/wp\/v2\/comments?post=3349"}],"version-history":[{"count":10,"href":"https:\/\/mbphotos.be\/index.php\/wp-json\/wp\/v2\/pages\/3349\/revisions"}],"predecessor-version":[{"id":10074,"href":"https:\/\/mbphotos.be\/index.php\/wp-json\/wp\/v2\/pages\/3349\/revisions\/10074"}],"wp:attachment":[{"href":"https:\/\/mbphotos.be\/index.php\/wp-json\/wp\/v2\/media?parent=3349"}],"curies":[{"name":"wp","href":"https:\/\/api.w.org\/{rel}","templated":true}]}}